
Suppose -8*u - 35 = 3*b - 3*u, -2*b - 18 = 2*u. Suppose 0 = 3*x - 8 - 67. List the prime factors of (44/(-10))/(b/x).
2, 11
What are the prime factors of 0/1 + 5 - 1344/(-1)?
19, 71
Suppose 0 = -5*q + 15 + 50. Let u be 1 + q + -3 + 0. List the prime factors of 4/22 + 75/u.
7
Let h(x) = x**3 + 6*x**2 + 4*x - 5. Let a be h(-5). Suppose a = 2*m + 1 - 7. Suppose -5*q + 115 = 2*l - 4*l, -5*q = -m*l - 120. What are the prime factors of q?
3, 7
Suppose 4*i = -3*w + 31, -8*i + 4*i - w = -21. Let j = 30 - i. What are the prime factors of j?
2, 13
Suppose 0 = 27*i + 5*i - 14592. What are the prime factors of i?
2, 3, 19
Suppose u = 2*v - 5*v + 896, -u + 866 = -3*v. What are the prime factors of u?
881
Let u = -83 + 88. Suppose -u*v - 464 = -3*j, v - 588 = j - 5*j. What are the prime factors of j?
2, 37
Suppose -2*i = -2*x + 14, 0*i = 3*i - 3. Let n(t) = -2*t**3 + t**3 - 3*t**2 - 4*t**2 + 2*t**3 - 8*t + 6. What are the prime factors of n(x)?
2, 3
Let a(o) = -o**3 + 9*o**2 - 6*o + 5. Let u be ((-84)/(-24))/(2/4). What are the prime factors of a(u)?
61
Suppose -3*w = -2*o - 199, -w - 2*w - 5*o = -206. Let y = w + -20. What are the prime factors of y?
47
Suppose 31787 = 43*v - 36755. What are the prime factors of v?
2, 797
Let f(q) = -q**3 - 2*q**2 + 3*q + 3. Let m be f(-3). Suppose 0 = 4*b - m*b - 4. Let y = b - -2. What are the prime factors of y?
2, 3
Let z(q) = 35*q - 1. What are the prime factors of z(4)?
139
Let f = 42 + -35. Suppose -f = -6*t + 17. Suppose 9 = t*v - 143. What are the prime factors of v?
2, 19
Let s be 161/21 + (-1)/(-3). What are the prime factors of 1534/s - ((-10)/8)/5?
2, 3
Let w be 3/((-75)/(-1765)) - (-6)/(-10). Suppose -w*d - 56 = -72*d. List the prime factors of d.
2, 7
Suppose -f + a - 2*a = 19, 53 = -3*f + a. List the prime factors of 33*4*(-3)/f.
2, 11
Let s(b) be the first derivative of b**3/3 + 5*b**2/2 + 20*b - 7. What are the prime factors of s(-9)?
2, 7
Suppose -4230 = 293*m - 294*m. What are the prime factors of m?
2, 3, 5, 47
Suppose 32 + 48 = 8*x. Suppose -15 = -15*c + x*c. What are the prime factors of c?
3
What are the prime factors of (-105)/(-84) - 8271/(-4)?
2069
Suppose -3*z + 1912 = 8*d - 4*d, 0 = -4*z - 3*d + 2561. What are the prime factors of z?
2, 7, 23
Suppose -38*o + 952 = -36*o + 2*i, -4*o + 1928 = -4*i. List the prime factors of o.
479
Let x(k) be the second derivative of k**5/60 + k**4/3 - 11*k**3/6 + k**2 + 7*k. Let m(t) be the first derivative of x(t). List the prime factors of m(-12).
37
Suppose 2*f - 5*f - 408 = 0. Let s = 204 + f. What are the prime factors of s?
2, 17
Suppose 0 = -t - t. Let a(i) = -2*i - 29. Let u be a(-13). List the prime factors of 18 + 1 + t - u.
2, 11
Let n(g) = 171*g**2 - 11*g - 21. List the prime factors of n(4).
2671
Let d = 1774 - 1244. List the prime factors of d.
2, 5, 53
Let p(y) = y**2 - 5*y + 3. Let h be p(5). Suppose -4*u = 16, h*b - 22 = 4*u + 6. Suppose -43 = -a + d, -b*a + d + 230 = 46. List the prime factors of a.
47
What are the prime factors of (50/(-50))/(1/(-497))?
7, 71
Let b = -665 - -985. Suppose 4*y = -4*h + b, y - 167 = -2*h + 6*y. Let j = h + -55. List the prime factors of j.
2, 13
Suppose -2*z = -y - 79, 2*z - 4*z - 4*y + 84 = 0. Suppose 4*m + m - z = 0. Suppose -2*b = -m*b + 312. List the prime factors of b.
2, 13
Let d(u) = -69*u + 25. What are the prime factors of d(-13)?
2, 461
Let q(i) = 4*i**3 - 4*i**2 + 2*i - 7. List the prime factors of q(5).
13, 31
Suppose -2*l - 37 = -3*s, -2*s + 11 = -s - 2*l. Let c be (-8)/(-3) - s/(-39). Suppose 0 = -y + c*y - 46. List the prime factors of y.
23
Suppose -3*z + 250 = -3566. List the prime factors of z.
2, 3, 53
Suppose 10*t = -29 - 31. Let m = 72 + t. List the prime factors of m.
2, 3, 11
Let s be -1 + 685 - (0 + (2 - 0)). What are the prime factors of (-10)/(-45) + 1*s/9?
2, 19
Suppose 5*c = 5*h - 5, -2*h + 0*h + 6 = 0. Suppose -1 = 3*o + 5, -4*i + 276 = -c*o. What are the prime factors of i?
2, 17
Let f(x) = -x - 3. Let t be f(-9). Let w(q) = 0*q**2 - 11*q + 2*q**2 - t + 0*q**2 - 3*q**2. List the prime factors of w(-8).
2, 3
Suppose 4*v + s - 7 = 0, 8*s - 9 = 3*v + 4*s. Suppose v - 61 = -5*z. Suppose -a + 17 = 4*x, -5 = -a + 5*x + z. What are the prime factors of a?
17
Suppose -2*u + 687 + 1495 = 0. List the prime factors of u.
1091
Let u = 174 - -34. What are the prime factors of u?
2, 13
List the prime factors of 5 - ((-8336)/12)/((-14)/(-63)).
31, 101
Let t be ((-6)/4)/((-7)/630). Let p = t - 78. List the prime factors of p.
3, 19
Let w(d) = d**2 - 5*d - 12. Let r be w(5). What are the prime factors of (r/30)/(1 + 1683/(-1680))?
2, 7
Let k(g) = 6*g**2 - 20*g - 39. What are the prime factors of k(-11)?
907
Let x be 2/(-3 - (-31)/11). Let l = x + 32. Suppose h + 6 - l = 0. What are the prime factors of h?
3, 5
Let n be (4/(-6))/(4/(-30)). Let d be (1*-4)/((-4)/3). Suppose -k + d*v = n - 15, 3*k + 3*v - 18 = 0. What are the prime factors of k?
7
Suppose 0 = -3*z - 2*z + 40. Suppose -22*u + z = -18*u. List the prime factors of (-1 + u)/(1/32).
2
Let q = -699 - -2432. What are the prime factors of q?
1733
Let p = 33 - 39. List the prime factors of (2/p)/((-3)/81) + -2.
7
Suppose -135 = -3*f - 0*f. Suppose 0 = 3*o - f + 24. What are the prime factors of (2/(-4))/(o/(-168))?
2, 3
Let c be 18/6*(-2)/(-2). Suppose 4*a = -c - 9. List the prime factors of -3 - (-1 + a + -45).
2, 23
Suppose 0 = -3*x - 61 + 7. Let b = x - -21. Suppose b*f - 5 = 7. List the prime factors of f.
2
Let b = -13 - -19. Suppose 7*a - 4*a = b. Suppose -4*u - a*o + 28 = -6*o, u + 5*o = 25. List the prime factors of u.
2, 5
Suppose -3*x - 3*v = -4107, 36*x - 3*v + 2737 = 38*x. List the prime factors of x.
2, 5, 137
Suppose -3 = i - 7. Suppose -205 = -d - i*d. What are the prime factors of d?
41
Suppose -3*p + 12 = -0. What are the prime factors of (-414)/(-27) - 1*p/(-6)?
2
Suppose -6 = -3*i, 0*t - i + 2 = -3*t. Suppose -5*l + t*l = -260. List the prime factors of l.
2, 13
Suppose 0 = 6*b - 3835 + 355. List the prime factors of b.
2, 5, 29
Let c(q) = -3*q - 13. Let y be c(4). Let w = y - -30. Suppose 6 = -2*n - 4*s, -4*n + 0*n - w*s = 0. What are the prime factors of n?
5
Let n = -391 - -698. List the prime factors of n.
307
Suppose 0 = 14*s - 12*s. Suppose 4*m + 0*m + 2*y - 910 = s, 0 = -4*y - 4. What are the prime factors of m?
2, 3, 19
Let x be 2 - -4 - 2 - 11. Let b(k) = -5*k - 18. What are the prime factors of b(x)?
17
Suppose 1119 = j + 5*w, -2*j + 5*j = 5*w + 3297. List the prime factors of j.
2, 3, 23
Let p be (14/35)/(2/(-30)). Let b be 213/18 - 1/p. Let a = -3 + b. List the prime factors of a.
3
Let d(i) = 25*i - 19. Let s(g) = -24*g + 19. Let r(z) = 4*d(z) + 3*s(z). What are the prime factors of r(4)?
3, 31
Let t(v) = 6*v + 3. Let r be t(3). Suppose 0 = j + 3*j - 12, 0 = 2*s + 3*j - r. Suppose -s*d - 36 + 240 = 0. List the prime factors of d.
2, 17
Suppose -4*k - 12 = 2*m + m, 0 = 4*k - 2*m + 12. Let r be 3 + 244/(-1 - k). Suppose -3*y + 8*y - r = 0. What are the prime factors of y?
5
Suppose 7*j = -0*j + 21. Suppose -j*r = 2*r - 125. What are the prime factors of r?
5
Let t be (-2)/(-7) + 1068/84. Let w be t/(26/24) - 0. Suppose -w - 18 = -s. List the prime factors of s.
2, 3, 5
Let r(b) = 2*b**3 - b**2 - 3*b + 5. Let t be r(2). Suppose t*w + 434 = 18*w. What are the prime factors of w?
2, 31
Suppose 0*f = 7*f + 35. Let z be (-1 - f/3)*6. What are the prime factors of 12 + -4 + 4 - z?
2
Suppose -1788 = -5*q + 1547. List the prime factors of q.
23, 29
Suppose -x = -3*s + 7, 4*x - 4*s = -s - 1. Let r(d) = 58*d**2 - 5*d + 6. What are the prime factors of r(x)?
2, 3, 19
What are the prime factors of -1 - -6 - (14 + -15 + -3558)?
2, 3, 11
Let v(j) = j**2 - 5*j - 4. Let q(k) = -k + 1. Let i be q(-5). Let y be v(i). Suppose 0 = -5*x - 2*r - y*r + 230, r - 47 = -x. What are the prime factors of x?
2, 3, 7
Suppose 5*h - 4696 = 5*x - 9*x, -4*x + 4696 = -4*h. What are the prime factors of x?
2, 587
Suppose -8*m + 3*m = -j + 848, 5*j - 4294 = -2*m. List the prime factors of j.
2, 3, 11, 13
Suppose -2*l - 2 = -3*l + 2*a, -4*l + 1 = -a. Suppose l = 3*d - 4 - 2. Suppose 2*s = 5*r - 134, -5*r + 7*s + 125 = d*s. What are the prime factors of r?
2, 7
Let m(u) = -45*u + 488. List the prime factors of m(-54).
2, 1459
Let z = 934 - 662. Lis